= 10*g**2. Suppose 0 = -x - 4 + 6. Let v be i(x). Let k = -19 + v. What is the units digit of k?
1
Suppose -l + 8 = l. Suppose 0 = v - 5*v - l. What is the units digit of 0 - -7 - v/1?
8
Let x(b) = 10*b**2 - 9*b + 13. Let m = -115 + 120. What is the hundreds digit of x(m)?
2
Let k(b) = 7*b - 1. Let c be k(-5). Let x(p) = p**2. Let z be x(0). What is the units digit of z - (c/1)/1?
6
Let z(t) = 73*t**2 + 6*t + 10. What is the tens digit of z(-2)?
9
Suppose 8 = -17*u + 18*u. What is the units digit of (-117)/(-4)*5/15*u?
8
Let c(o) = -3*o + 8. Let h(r) = r**2 - 2*r + 3. Let j be h(2). Suppose -j*w - 5 = 7. What is the units digit of c(w)?
0
Let w be 51*((-9)/(-21) - 58/21). Let v = w + 331. What is the tens digit of v?
1
Let q(r) = 15*r + 411. What is the tens digit of q(0)?
1
Let y be (0 + 4)*(-3)/(-4). Suppose 4*z - y*z = 35. What is the units digit of z?
5
Let z(g) = -7*g**2 + 43*g - 3. What is the tens digit of z(4)?
5
What is the units digit of (-610)/(-6) - (2 + (-28)/12)?
2
Let u(m) = -163*m - 532. What is the units digit of u(-15)?
3
Let d(h) = 17*h - 34. Let g(l) = l - 1. Let r(b) = d(b) - 4*g(b). What is the tens digit of r(5)?
3
Let c(b) = -4*b + 146. What is the units digit of c(0)?
6
Let o = -2 - -17. Suppose -4*j - o = 9. What is the tens digit of (-140)/j + 6/(-18)?
2
Suppose 32*s = 3433 + 12567. What is the units digit of s?
0
Suppose -5*z - 3*g - 28 = -0*g, -4 = -g. Let q = 6 - z. Let o = q + 29. What is the tens digit of o?
4
Let h(s) = -s**3 + 22*s**2 - 21*s + 3. Let t be h(21). Suppose -p + a - 218 = -t*p, -4*p = 3*a - 438. What is the hundreds digit of p?
1
Let u(f) = f**3 + 13*f**2 + 22*f + 3. Let w be u(-11). Suppose -5 = w*h - 611. What is the hundreds digit of h?
2
Suppose -5*h = -4*i - 1930 - 2093, -2*h + 1612 = -3*i. What is the units digit of h?
3
Let i(p) = -3*p + 521. What is the hundreds digit of i(25)?
4
Suppose 0 = 2*i - 6, 4*s + 4*i + 8 = -s. Let l(n) = n**3. Let t(w) = 9*w**3 - 2*w + 3. Let x(b) = s*l(b) + t(b). What is the tens digit of x(2)?
3
Let v = -3025 + 7241. What is the hundreds digit of v?
2
Let j be 1*11/(-4)*4. Let v = j - -9. What is the tens digit of ((-15)/(v + 1))/1?
1
Let m = 175 - -341. What is the tens digit of m?
1
Let z be (10/3)/((-3)/72). What is the units digit of 30/(-8)*z/30?
0
Suppose 2*i + 0 = -2. What is the units digit of 1/((-1)/2*i)?
2
Suppose 0*x = x + 3, 0 = 3*t + 3*x - 6. What is the tens digit of (-262)/(-4) - (33/6 - t)?
6
Let z = -2968 - -4331. What is the tens digit of z?
6
Let r be 204/(-60) + (-2)/(-5). Let p(i) = i**2 + i + 1. What is the units digit of p(r)?
7
Let t be (-24)/(-20)*(-15)/(-21)*-7. Let u(a) = 5*a**2 + 6*a - 13. What is the hundreds digit of u(t)?
1
Let j(u) = 4*u**3 - 4*u**2 + 8*u + 3. Let f be j(-3). Let i = f + 254. What is the tens digit of i?
8
Let z(o) = -o**3 + 7*o**2 + 9*o - 6. Let h be z(8). Suppose h*v + 0*v = 8. Suppose f - 2 = -2*r + 1, v*f + 5*r - 15 = 0. What is the units digit of f?
5
Let n = 171 + -319. Let k = n + 248. What is the units digit of k?
0
Let k = -1428 - -2396. What is the hundreds digit of k?
9
Let y = 21 + -17. Let w(o) = 0 + 10*o + 5 + o**2 - y*o. What is the units digit of w(-8)?
1
Let j(c) = -6*c**3 - 2*c**2 + c - 1. Let b be j(-2). Let h = b + 43. What is the units digit of h?
0
Let a = -160 + 1010. What is the tens digit of a?
5
Let g(l) = -47*l - 4*l + 2 + 13*l. Let c be g(-2). Suppose -z + 57 = 4*x, -4*z = 5*x - 5*z - c. What is the tens digit of x?
1
Suppose 0*l + 6 = 3*l. Suppose -y + 76 = -l*x, -2*x + 366 = 5*y + 2*x. What is the tens digit of y?
7
Let g = 12 - 7. Let b(x) = g + 4 - 8 + x. What is the units digit of b(4)?
5
Let p be 6/((1 - 2)/(-30)). Suppose 3*a - p = -2*a. What is the tens digit of a?
3
Let u(i) be the third derivative of i**5/60 - i**4/4 + i**3/6 + 5*i**2. Let b be u(5). What is the tens digit of 20 - (-2 + b/4)?
2
Let t = 1043 - 508. What is the hundreds digit of t?
5
What is the units digit of (-254794)/(-69) + (-6)/9?
2
Suppose 10*v = 18*v - 48. Suppose 226 = v*w - 26. What is the units digit of w?
2
Let s(q) = 11*q**3 - 3*q + 1. Let v = -4 + 5. What is the units digit of s(v)?
9
Let f = 31 - 28. Let t(o) = o**3 + 6*o**2 - 8*o - 4. Let l be t(-7). Suppose -l*c + 0*c + f = 0. What is the units digit of c?
1
Let i(w) be the second derivative of -w**3/6 + 25*w**2/2 - 2*w. Let j(g) = 12. Let h(b) = 3*i(b) - 5*j(b). What is the tens digit of h(0)?
1
Let x(j) = -j**2 - 10*j + 2. Let f be x(-10). Suppose 3*c = -4*i + 29, 2*c - 4*i = -f*c + 76. What is the units digit of c?
5
Suppose 4*m - 87 + 335 = 0. Let k = m + 130. What is the tens digit of k?
6
Let k(x) = x**3 - x**2. Let m be k(2). Let h(g) = -10*g + 18. Let n be h(-9). Suppose 0*c - m*c = -4*r - n, r = 1. What is the tens digit of c?
2
Let g = 16 + -28. Let a be (-18)/g*(-6 + 2). What is the tens digit of 484/28 - a/(-21)?
1
Let u(f) = -f - 5. Let s be u(-7). Let y be 3 + (s + -3)/1. Suppose v + 58 = 3*d, 5*d - y = -v + 92. What is the units digit of d?
9
Let p(j) = -2*j**2 - 7*j - 1. Let c(h) = 5*h**2 + 20*h + 4. Let q(g) = 3*c(g) + 8*p(g). Let t be (-2 + 7 + -4)/((-1)/(-4)). What is the units digit of q(t)?
4
Suppose -5*b + 3385 = 13*v - 11*v, 4*b + 5*v = 2691. What is the hundreds digit of b?
6
Suppose -19*p = -46054 - 16361. What is the thousands digit of p?
3
Suppose -4*r + 130 + 786 = 0. Suppose -5*b = -r - 11. What is the units digit of b?
8
Let h = 14 - -36. Suppose 408 = 54*z - h*z. What is the hundreds digit of z?
1
Let c(g) = -g**2 + 4*g + 51. Let z be c(0). Suppose -52*s + 54 = -z*s. What is the units digit of s?
4
Let w = 2094 + -1108. What is the tens digit of w?
8
Let c be (3*(-8)/(-12))/(-2). What is the units digit of (68 - 15) + (c - -2)?
4
Suppose 26 - 28 = f, 3*i - 415 = 2*f. What is the hundreds digit of i?
1
Let r(q) = -763*q - 4. What is the units digit of r(-1)?
9
Let q(p) = 3*p**2 - 14*p - 29. What is the hundreds digit of q(22)?
1
Let p(f) = -f**3 + 8*f**2 - 6*f - 4. Let s be p(7). Suppose -4*b = -5*t + 231, -s*t - 70 = -4*b - 207. What is the tens digit of t?
4
What is the tens digit of 2378/6 + 10/15 + 1?
9
Suppose 7*a - 14 = -0*a. What is the hundreds digit of (2/(a/(-35)))/((-1)/5)?
1
Suppose -4*h - 382 = -5*t, 126 = 2*t - h - 28. Let q = 115 - t. Suppose 2*d = -5*f + 25, -d = -4*f - q - 8. What is the tens digit of d?
2
What is the thousands digit of (-1593)/(-1) + (-5 - -5)?
1
What is the tens digit of ((-452)/(-7))/(14/490)?
6
Let d(a) = 17*a**3 - 6*a**2 + 13*a - 8. What is the units digit of d(3)?
6
Suppose 1370 = 5*a - p, 10*p = -2*a + 14*p + 530. What is the units digit of a?
5
Let k(j) = -j**3 - 3*j**2 + 3*j + 470. What is the tens digit of k(0)?
7
Suppose -4*m = -9*m + 70. Suppose -438 = -4*p + m. What is the tens digit of p?
1
Let v(b) = 3*b + 4*b**2 - 3*b**2 + 3*b**3 - 2 - 7*b**3. What is the units digit of v(-2)?
8
Suppose 31*r - 33*r + 660 = 0. What is the hundreds digit of r?
3
Let s(f) = -19*f - 56. What is the tens digit of s(-11)?
5
Let b(y) = 31*y**2 - y + 1. Let m be b(-2). Suppose 7*z - m = 6*z. What is the units digit of z?
7
What is the hundreds digit of (-19)/((-1596)/(-48)) - 5608/(-14)?
4
Let o be (1 - (-10)/4)*10. Let u = o + 11. What is the units digit of u?
6
Suppose 0 = 2*w - 4*q - 40 - 1580, -3195 = -4*w - q. What is the hundreds digit of w?
8
Let k = 41 - 38. Suppose 29 = -5*v - k*p + 98, 4*v + p - 51 = 0. What is the units digit of v?
2
Let v(u) = -u + 7. Let g be v(2). Suppose -g*b + 183 = -2*b. What is the units digit of b?
1
Suppose -3*o + 4*b = -0*b - 29, 7 = -o - 2*b. Suppose 185 = 3*u - 4*f, u + f = o*u - 125. What is the tens digit of u?
6
Let f = -1851 + 2715. Suppose -4*a = -13*a + f. What is the tens digit of a?
9
Suppose 5*l - 24 = 3*m + 47, -m - 54 = -4*l. Suppose l + 43 = 4*z. What is the units digit of z?
4
Suppose -11*q + 3*q = -17432. What is the thousands digit of q?
2
Let f(y) = y**3 - y**2 + 7*y - 5. Let t(g) = g**3 + 4*g**2 - 14*g - 8. Let o be t(-6). What is the units digit of f(o)?
1
Let k be 6/3 - 6/3. Suppose -2*c + i = -3*i - 98, -3*c + 3*i + 156 = k. What is the units digit of c?
5
Suppose -4*w = 4*b - 76, 2*w + 2*w - 91 = -5*b. Let p = 9 - b. What is the tens digit of 1/p - 628/(-24)?
2
Let w(j) = 3*j**2 - 7*j + 11. Let q be w(8). Suppose 133 + q = 5*